 is the remainder when c(5) is divided by h?
11
Suppose 14*s - 11*s + 48 = 0. Let b be (2 + 2)*(-312)/s. Let g = 105 - b. What is the remainder when g is divided by 18?
9
Let j be (-15660)/(-756) - 2/(-7). Suppose 39*h - 15 = -2*u + 44*h, 0 = 4*u - h - j. What is the remainder when 87 is divided by u?
2
Suppose -p + 124 = 46. Suppose -22*z = 87 + 221. What is the remainder when p is divided by (-228)/z - 4/14?
14
Let m = -32899 + 37130. What is the remainder when m is divided by 55?
51
Let v(d) = 4*d - 132. What is the remainder when 339 is divided by v(34)?
3
Let y = -12 - -20. Suppose 18*n = y*n + 510. Calculate the remainder when n is divided by (2/6)/(2/78).
12
Let k = -38 + 38. Suppose -6*z + 550 - 142 = k. Suppose -5*b + z = 4*a, -2*b + 24 - 4 = -2*a. What is the remainder when 23 is divided by b?
11
Let h be ((-2)/6)/(3/162). Calculate the remainder when 7 is divided by (6/h)/((-1)/21).
0
Let d(r) = 14*r - 123. Let y be d(9). Suppose 1409 = y*s + 2*f, -5*f + 3*f - 2375 = -5*s. What is the remainder when s is divided by 28?
25
Let g(r) = -229*r + 2399. What is the remainder when g(6) is divided by 210?
185
Suppose -3*r + 0*r - 5*p = -383, 0 = -3*r + 5*p + 403. What is the remainder when r is divided by (-189)/(-11) + 210/(-1155)?
12
Suppose -4*y + 32 = 0, -c + 33 = -5*y + 15. Calculate the remainder when 292 is divided by c.
2
Suppose 2*z = z + 1255. Suppose m + 74 = 4*w, 0 = -5*w - 5*m + 3*m + 73. Calculate the remainder when z is divided by w.
14
Suppose 0 = -119*l - 9*l + 12411 + 2053. What is the remainder when 435 is divided by l?
96
Suppose 0 = -2*n + 3*r + 111, -122*n + 125*n + 5*r - 138 = 0. What is the remainder when 85 is divided by n?
34
Suppose -2*i = -2*g + 120, 5*g - 17*i = -13*i + 298. Calculate the remainder when 113 is divided by g.
55
Let p = -4203 + 4500. Calculate the remainder when p is divided by 6.
3
Suppose 4*o - 7238 = 18*o. Let u = 551 + o. What is the remainder when u is divided by 6?
4
Suppose 0 = -0*a - 2*a + 184. What is the remainder when a is divided by 17762/498 - (-5)/15*7?
16
Let h = 775 - 704. What is the remainder when 9/(-54) + 1651/6 is divided by h?
62
Let c(f) = 7*f - 115. Let s be c(16). Let x(y) = -3*y**3 - 3*y**2 + 5*y + 5. Calculate the remainder when x(s) is divided by 9.
8
Let v = 2552 - 2412. What is the remainder when 223 is divided by v?
83
Let l = 6579 + -6124. Calculate the remainder when 917 is divided by l.
7
Let h = 39579 - 36138. What is the remainder when h is divided by 858?
9
Suppose -5*o - 2334 = 4*d - 2441, -o = 4*d - 31. Let m = 0 + 11. Calculate the remainder when o is divided by m.
8
Let x(d) = -4*d**2 - 47*d + 33. Calculate the remainder when x(-10) is divided by 30.
13
Suppose 17*k - 2*t = 19*k - 4, 4*k = -3*t + 8. What is the remainder when 58 is divided by (-1 + 18 + 6)*k?
12
Suppose 10 = 5*s, -94*d + 91*d + 3*s = -66. Calculate the remainder when 234 is divided by d.
18
Calculate the remainder when (-2 + 1012)/((-14)/63*-9) is divided by 169.
167
Let o = -42150 - -42216. What is the remainder when 1670 is divided by o?
20
Let x = 2968 - 2988. Let i be -5*1 - (-1 - -1). What is the remainder when 68 is divided by x/i + -1 + 15?
14
What is the remainder when 3478830/(-732)*4/(-10) is divided by 119?
116
Let z(b) = -4*b - 5. Let o be 183/244 - 4722/(-8). Suppose 159 = 5*l - o. What is the remainder when l is divided by z(-6)?
17
What is the remainder when (-5264)/(-84)*30/8 - 8 is divided by 20?
7
Let b be (-10)/(-15)*-6 - -7. Let m be b*((-50)/(-3) + -4). Let d = m - 31. What is the remainder when 40 is divided by d?
5
What is the remainder when (4 - 5)*3546/(-18) is divided by 21?
8
Suppose -5*v - 3*t + 73 = -159, 0 = 2*v + 4*t - 104. Let p = 59 - v. Suppose -k = -10 - p. Calculate the remainder when 45 is divided by k.
20
Let r = 437 - 268. Let k = r + -32. Calculate the remainder when k is divided by 23.
22
Let y(h) = -16*h - 28. Let n be y(-19). Suppose -2*k = -6*k + n. Suppose 3*u - k = 3. Calculate the remainder when 119 is divided by u.
23
Suppose 3*c = -0 + 12, -c + 44 = 2*i. Let o(k) = -k**3 - 20*k**2 + 90*k - 65. What is the remainder when o(-24) is divided by i?
19
Suppose -25*s + 68*s = 29*s + 21616. Calculate the remainder when s is divided by 91.
88
Let a = 6199 - 6136. Calculate the remainder when 635 is divided by a.
5
Let q(t) = 12*t + 4. Let r be q(0). Suppose r*a = 164 - 96. What is the remainder when a is divided by 3?
2
Suppose -17*w = -22*w - 5, 5*z - 167 = 2*w. Calculate the remainder when 144 is divided by z.
12
Let y(a) = 9*a + 62. Let v be y(-6). Suppose 6*b = -v + 80. Calculate the remainder when 53 is divided by b.
5
Suppose 0 = 3*v - x + 53, 4 = 2*x - 6*x. Let o = -20 - v. What is the remainder when 15 is divided by 7 + 0 - (2 - (3 + o))?
3
Suppose -60*i + 6885 - 225 = 0. What is the remainder when i is divided by ((-14)/4)/(2/(-8))?
13
Let u(m) = 1782*m + 41. Calculate the remainder when u(2) is divided by 44.
41
Suppose 0 = 52*t - 33070 - 86010. Calculate the remainder when t is divided by 51.
46
Let y(d) = -3*d**3 + 6*d**2 - 6*d. Let q = -38 + 40. Let u be y(q). What is the remainder when (u/8)/(2/4) + 28 is divided by 8?
1
Suppose -4*o + 3*l = -766, -13*o = -9*o + l - 758. What is the remainder when o is divided by 143?
47
Let v be (84/(-39) - -2) + 1164/(-39). Calculate the remainder when 58 is divided by (62 - 0)/(v/(-15)).
27
Let i(a) = -a**2 + 36*a - 65. Let x be i(34). Let v(k) = 11*k + 4. Let g be v(x). Suppose 5*r = g + 28. What is the remainder when 73 is divided by r?
8
Suppose 9*y - 5821 = 5267. Suppose -y = -6*o - 5*o. What is the remainder when o is divided by 6?
4
Suppose 0 = 5*w - 86 + 11. Calculate the remainder when w is divided by 12.
3
Suppose 268 = 44*t - 392. What is the remainder when 4363 is divided by t?
13
Let g(d) = -2*d**3 - 30*d**2 - 14*d - 80. Let y be g(-16). Let i = y + -627. Calculate the remainder when 74 is divided by i.
16
What is the remainder when 141 is divided by (-72)/(-32)*160/30?
9
Let k be 5/(3 - (-44)/(-16)). What is the remainder when 626/6 - (-17)/(-51) is divided by (k/(-8))/(6/(-84))?
34
Let w be ((30/35)/((-2)/(-7)))/1. Suppose a - 39 = -0*a + 5*f, 3*a - w*f - 153 = 0. Calculate the remainder when a is divided by 21.
12
Suppose -107 = 3*u - 794. Let c = -211 + u. What is the remainder when 33 is divided by c?
15
Let f be ((-392)/32)/(1/8). Let d = f - -138. What is the remainder when 357 is divided by d?
37
Let l(f) = -322*f - 2211. What is the remainder when 1558 is divided by l(-7)?
10
Suppose 0 = -0*z - 3*z + 6. Suppose 0 = -z*p - 4*y + 12, 3*p - y + 0 = 25. Suppose -111 - 159 = -15*i. Calculate the remainder when i is divided by p.
2
Let l(c) = c**3 - 27*c**2 + 51*c - 24. Let d be l(25). Calculate the remainder when 251 is divided by (60/(-180))/(d/(-261)).
77
Let m = -156 + 167. Suppose 5*r - 2*l + l - 44 = 0, 2*l + 16 = r. Calculate the remainder when m is divided by r.
3
Suppose 0 = 2*s + 5*r - 218, 0 = s - 132*r + 130*r - 136. What is the remainder when s is divided by 3?
1
Let i(v) = -34*v**3 + 2*v**2 - 14*v - 38. Suppose 0 = -5*m - 0*m + 340. What is the remainder when i(-2) is divided by m?
66
Let b(c) = -c**2 + 41*c + 413. Calculate the remainder when b(22) is divided by 7.
5
Suppose -22*j + 4485 = -1562 - 289. What is the remainder when j is divided by 135?
18
Let k = 237 - 57. Let a = k + -153. What is the remainder when a is divided by 11?
5
Suppose 0*l = -2*l - 4*s + 784, 5*l + 3*s - 1925 = 0. Let v = 410 - l. Suppose f - 2 = -n, 5*f + 18 = n - 2. Calculate the remainder when v is divided by n.
3
Suppose 8 - 26 = -3*p. Let k(z) = 3*z**2 - 11*z + 13. Let q be k(p). Suppose g - 14 - 42 = 3*w, g = 2*w + q. What is the remainder when 209 is divided by g?
50
Suppose -875 = 27*z - 32*z + 3*n, 0 = 4*z + 4*n - 732. Calculate the remainder when z is divided by 157.
21
Let z(l) = -l**2 + 9*l - 6. Let b be z(7). Let m(n) = 4*n**2 + n + 9. Let r be m(b). Suppose -47 = -5*h + r. What is the remainder when h is divided by 22?
20
Let a(i) = 10*i + 107. Let u be a(-12). Let z = u - -84. What is the remainder when z is divided by 37?
34
Let u(h) = 26*h - 19. Let l be (-12)/(-12) - 0/(3 + -1). What is the remainder when u(l) is divided by 5?
2
Let p(l) = 24*l + 21. Let t be p(6). Let a = t